{"id":460,"date":"2021-01-10T08:36:00","date_gmt":"2021-01-10T07:36:00","guid":{"rendered":"http:\/\/www.vigilan.de\/?page_id=460"},"modified":"2023-08-24T18:34:47","modified_gmt":"2023-08-24T16:34:47","slug":"ipfire-enterprise-appliance","status":"publish","type":"page","link":"https:\/\/www.vigilan.de\/index.php\/leistungen\/hardware\/ipfire-enterprise-appliance\/","title":{"rendered":"IPFire Enterprise Appliance"},"content":{"rendered":"\n<h1 class=\"wp-block-heading\">IPFire Enterprise Appliance<\/h1>\n\n\n\n<p>Dieses Ger\u00e4t ist unser Firewall-System f\u00fcr Unternehmenskunden. Ausgestattet mit einem leistungsstarken Intel (R) Xeon (R) -D-Prozessor und zwei 10G-Ethernet-Controllern \u00fcbertr\u00e4gt es Daten schneller als viele andere Appliances.<\/p>\n\n\n\n<p><\/p>\n\n\n\n<figure class=\"wp-block-image size-large\"><img loading=\"lazy\" decoding=\"async\" width=\"3000\" height=\"295\" src=\"http:\/\/www.vigilan.de\/wp-content\/uploads\/2021\/01\/SPM-EA-FRONT.jpg\" alt=\"\" class=\"wp-image-477\"\/><\/figure>\n\n\n\n<figure class=\"wp-block-image size-large\"><img loading=\"lazy\" decoding=\"async\" width=\"3000\" height=\"319\" src=\"http:\/\/www.vigilan.de\/wp-content\/uploads\/2021\/01\/SPM-EA-REAR.jpg\" alt=\"\" class=\"wp-image-478\"\/><\/figure>\n\n\n\n<p><\/p>\n\n\n\n<h2 class=\"wp-block-heading\">Spezifikationen<\/h2>\n\n\n\n<p class=\"has-normal-font-size\">Diese Ger\u00e4te werden in Deutschland mit sorgf\u00e4ltig ausgew\u00e4hlten Komponenten zusammengebaut, die die Langlebigkeit dieses Produkts garantieren. Sie bieten nachweislich beste Leistung und Stabilit\u00e4t und sind umweltfreundlich.<\/p>\n\n\n\n<p>In dieser Appliance liegt die gr\u00f6\u00dftm\u00f6gliche Leistungsf\u00e4higkeit um IPFire optimal zu nutzen. Im Mittelpunkt steht ein Intel Xeon-D-Prozessor, der schnell und trotzdem energieeffizient arbeitet und sich auf Netzwerkanwendungen konzentriert.<\/p>\n\n\n\n<figure class=\"wp-block-table is-style-stripes\"><table><tbody><tr><td><strong>Processor<\/strong><\/td><td>Intel(R) Xeon(R) processor D1541 with AES-NI Crypto Ac- celeration<\/td><\/tr><tr><td><strong>Memory<\/strong><\/td><td>16 GB DDR4-2400 DRAM<\/td><\/tr><tr><td><strong>Storage<\/strong><\/td><td>256 GB NVMe SSD<\/td><\/tr><tr><td><strong>Network<\/strong><\/td><td>2x 10-Gigabit Ethernet Controller via SoC 2x Intel i350-AM2 Gigabit Ethernet Controller Dedicated IPMI<\/td><\/tr><tr><td><strong>Power<\/strong><\/td><td>100-240V &#8211; 50-60 Hz &#8211; 34- 77W<\/td><\/tr><tr><td><strong>I\/O<\/strong><\/td><td>4x RJ45 1x RJ45 (IPMI) 1x VGA 2x USB 3.0<\/td><\/tr><tr><td><strong>Expension<\/strong><\/td><td>1x PCIe 3.0 x16<\/td><\/tr><tr><td><strong>Dimensions <\/strong>(w x h x d)<\/td><td>437 x 43 x 249 mm<\/td><\/tr><tr><td><strong>Weight<\/strong><\/td><td>4kg<\/td><\/tr><tr><td><strong>Environment<\/strong><\/td><td>10-35\u00b0C, 50-95F fan-cooled<\/td><\/tr><tr><td><strong>Certifications<\/strong><\/td><td>CE, RoHS, ErP\/EuP<\/td><\/tr><tr><td><strong>Warranty<\/strong><\/td><td>24 Monate<\/td><\/tr><\/tbody><\/table><\/figure>\n\n\n\n<p>Sie wird mit zwei 10-Gigabit-Ethernet-Controllern sowie zwei Gigabit-Ethernet-Controllern geliefert. F\u00fcr Kunden, die ihr Netzwerk noch nicht mit 10G betreiben, wird es einfach gehalten und mithilfe normaler RJ45-Anschl\u00fcsse mit einem Standard-Gigabit-Netzwerk kompatibel gemacht. Auf diese Weise ist Ihr System immer f\u00fcr die Zukunft ger\u00fcstet und Ihr Unternehmen hat Raum zu wachsen. <\/p>\n\n\n\n<p>Diese Appliance ist in der Lage, ihre Verbindungen auszulasten, selbst wenn Pakete f\u00fcr ein VPN verschl\u00fcsselt werden. Damit ist sie ein echtes Flaggschiff, das alles Machbare aus IPFire herausholt. Sie ist f\u00fcr gr\u00f6\u00dfere Unternehmen und die Anwendung in Rechenzentren konzipiert, die Hunderte oder Tausende von Benutzern bedienen. Sie kann mit SFP + -Erweiterungskarten erweitert werden, sobald Glasfaser Ports oder weitere 10G-Ports ben\u00f6tigt werden. <\/p>\n\n\n\n<h2 class=\"wp-block-heading\">Datendurchsatz<\/h2>\n\n\n\n<figure class=\"wp-block-table is-style-stripes\"><table class=\"has-fixed-layout\"><thead><tr><th><strong>Routed Bandwidth<\/strong><\/th><th>10\/1 GBit\/s (bi-directional)<\/th><\/tr><\/thead><tbody><tr><td><strong>AES-256-GCM<\/strong><\/td><td>~2437 MByte\/s<\/td><\/tr><tr><td><strong>AES-256-CBC<\/strong><\/td><td>~422 MByte\/s<\/td><\/tr><tr><td><strong>AES-128-GCM<\/strong><\/td><td>~3394 MByte\/s<\/td><\/tr><tr><td><strong>AES-128-CBC<\/strong><\/td><td>~590 MByte\/s<\/td><\/tr><\/tbody><\/table><\/figure>\n\n\n\n<figure class=\"wp-block-table is-style-stripes\"><table class=\"has-fixed-layout\"><thead><tr><th><strong>Routed Bandwidth<\/strong><\/th><th>1 GBit\/s (bi-directional)<\/th><\/tr><\/thead><tbody><tr><td><strong>AES-256-GCM<\/strong><\/td><td>~463 MByte\/s<\/td><\/tr><tr><td><strong>AES-256-CBC<\/strong><\/td><td>~215 MByte\/s<\/td><\/tr><tr><td><strong>AES-128-GCM<\/strong><\/td><td>~533 MByte\/s<\/td><\/tr><tr><td><strong>AES-128-CBC<\/strong><\/td><td>~293 MByte\/s<\/td><\/tr><\/tbody><\/table><\/figure>\n\n\n\n<p>Quelle und weitere Infomationen: <a href=\"https:\/\/www.lightningwirelabs.com\/products\/ipfire\/appliances\" data-type=\"URL\" data-id=\"https:\/\/www.lightningwirelabs.com\/products\/ipfire\/appliances\">https:\/\/www.lightningwirelabs.com\/products\/ipfire\/appliances<\/a><\/p>\n","protected":false},"excerpt":{"rendered":"<p>IPFire Enterprise Appliance Dieses Ger\u00e4t ist unser Firewall-System f\u00fcr Unternehmenskunden. Ausgestattet mit einem leistungsstarken Intel (R) Xeon (R) -D-Prozessor und zwei 10G-Ethernet-Controllern \u00fcbertr\u00e4gt es Daten schneller als viele andere Appliances. Spezifikationen Diese Ger\u00e4te werden in Deutschland mit sorgf\u00e4ltig ausgew\u00e4hlten Komponenten zusammengebaut, die die Langlebigkeit dieses Produkts garantieren. Sie bieten nachweislich beste Leistung und Stabilit\u00e4t und sind umweltfreundlich. In dieser Appliance liegt die gr\u00f6\u00dftm\u00f6gliche Leistungsf\u00e4higkeit um IPFire optimal zu nutzen. Im&hellip;<\/p>\n","protected":false},"author":1,"featured_media":0,"parent":552,"menu_order":0,"comment_status":"closed","ping_status":"closed","template":"","meta":{"_seopress_robots_primary_cat":"","_seopress_titles_title":"","_seopress_titles_desc":"","_seopress_robots_index":"","footnotes":""},"class_list":["post-460","page","type-page","status-publish","hentry"],"_links":{"self":[{"href":"https:\/\/www.vigilan.de\/index.php\/wp-json\/wp\/v2\/pages\/460","targetHints":{"allow":["GET"]}}],"collection":[{"href":"https:\/\/www.vigilan.de\/index.php\/wp-json\/wp\/v2\/pages"}],"about":[{"href":"https:\/\/www.vigilan.de\/index.php\/wp-json\/wp\/v2\/types\/page"}],"author":[{"embeddable":true,"href":"https:\/\/www.vigilan.de\/index.php\/wp-json\/wp\/v2\/users\/1"}],"replies":[{"embeddable":true,"href":"https:\/\/www.vigilan.de\/index.php\/wp-json\/wp\/v2\/comments?post=460"}],"version-history":[{"count":9,"href":"https:\/\/www.vigilan.de\/index.php\/wp-json\/wp\/v2\/pages\/460\/revisions"}],"predecessor-version":[{"id":686,"href":"https:\/\/www.vigilan.de\/index.php\/wp-json\/wp\/v2\/pages\/460\/revisions\/686"}],"up":[{"embeddable":true,"href":"https:\/\/www.vigilan.de\/index.php\/wp-json\/wp\/v2\/pages\/552"}],"wp:attachment":[{"href":"https:\/\/www.vigilan.de\/index.php\/wp-json\/wp\/v2\/media?parent=460"}],"curies":[{"name":"wp","href":"https:\/\/api.w.org\/{rel}","templated":true}]}}